8 = -18*b. Let o(x) = 2*x**3 - x**2 - 3*x + 3. Calculate the remainder when b is divided by o(2).
7
Let r(k) = 3*k**2 + k + 1. What is the remainder when r(-4) is divided by 8?
5
Let z = 19 + -13. Suppose 2 + 15 = w. What is the remainder when w is divided by z?
5
Suppose 10 = -k - 4*k. Suppose 5*i - 40 - 25 = 0. What is the remainder when i is divided by k/6 + 32/6?
3
Let l(n) = -4*n + 9. What is the remainder when 55 is divided by l(-5)?
26
Let v(m) = -7*m + 6 + 7*m + m. What is the remainder when 35 is divided by v(4)?
5
Suppose -295 = -5*d - 35. Let o(b) = -20*b - 42. What is the remainder when d + (-3 + 2)/(-1) is divided by o(-3)?
17
Let b(c) = c**3 - 8*c**2 + 11*c - 10. Calculate the remainder when 49 is divided by b(7).
13
Let m be ((-320)/(-12))/((-4)/(-18)). Let x = m - 85. What is the remainder when x is divided by 9?
8
Suppose 3*b - 22 = -4*a, -5*b + 0*b - a = -48. What is the remainder when 19 is divided by b?
9
Suppose 4*o + 2*q - 12 = -40, 4*q = -5*o - 32. Calculate the remainder when 8 is divided by (-38)/o - (-1)/4.
3
Let u(t) = t**2 + 4*t - 8. Let i be u(-6). Calculate the remainder when 6 is divided by (-2)/i*(-6)/1.
0
Let p = 152 + -90. Calculate the remainder when 433 is divided by p.
61
What is the remainder when (1 - -3)/(-2 - -3) is divided by 3?
1
Let a be (-59)/(2 + -1 + -2). Suppose -2 = 5*s - 4*n - 59, -3*n = -5*s + a. What is the remainder when 51 is divided by s?
12
Suppose -n + 45 = 2*n. Calculate the remainder when n is divided by 4.
3
Let h = -12 - -14. Suppose h*k + 0*k = 26. Calculate the remainder when 37 is divided by k.
11
Let z be (2 - -1)*(-2 - -3). Suppose -5 = z*c + d, 4*c = 5*d - 6*d - 6. Let j(b) = -3*b + 1. Calculate the remainder when j(c) is divided by 2.
0
Let u = 123 + -93. What is the remainder when u is divided by 3?
0
Suppose -3*g = 5*k + 3, 5*g - 16 = -k + 1. Calculate the remainder when 131/g + 3/(-4) is divided by 11.
10
Calculate the remainder when 25 is divided by -3 - -13 - (-15)/5.
12
Let a = -2 + 7. Calculate the remainder when 11 is divided by a.
1
Suppose 0 = -2*x + 17 + 19. Let g(u) = -u**2 - u + 4. Let v be g(-3). Let a = v - -36. Calculate the remainder when a is divided by x.
16
Let j be ((-12)/(-9))/(2/45). Let k = j + -18. What is the remainder when 22 is divided by k?
10
Let y = -3 - 2. Let l = -3 - -10. Let v = y + l. What is the remainder when v is divided by 2?
0
Let r(w) be the second derivative of 19*w**3/6 + w**2/2 - 2*w. Let h be 0 + -1 - (1 + -3). Calculate the remainder when r(h) is divided by 11.
9
Let b(j) = j**3 + j**2 - j + 11. Calculate the remainder when b(0) is divided by 4.
3
Suppose f - 5*f = -72. Suppose 0 = 4*z - 8. Suppose 3*r - z*r = f. Calculate the remainder when 52 is divided by r.
16
Suppose -5*c = 5, n - c - 75 - 1 = 0. Let w = 85 - 31. Let y = n - w. What is the remainder when 61 is divided by y?
19
Suppose 2*m = -2*c - 3*c + 12, 5*c - 8 = 2*m. Let b = 13 + m. What is the remainder when b is divided by 8?
6
Calculate the remainder when -5 - -122*4/8 is divided by 21.
14
Suppose 2*y - 15 = m, 3*y = -3*m + 6*m + 30. Calculate the remainder when y is divided by 1.
0
Suppose 15 = 4*v - 3*p, -6 = -v + 5*p + 2. Let a = -2 + 2. Suppose h = 2*w - a + 2, 0 = 4*h + 2*w - 18. Calculate the remainder when h is divided by v.
1
Suppose 4*v - 306 = 5*n, -v = n + 3*n + 228. Let s = n - -86. What is the remainder when s is divided by 15?
13
Suppose 4*j = -j - 40. Let i = -2 - j. Suppose 5*x - v = 87, -2*v + 64 = -0*x + 4*x. Calculate the remainder when x is divided by i.
5
What is the remainder when 64 is divided by 3/(-2)*(-10)/(-15) + 25?
16
Suppose 0 = -5*f - 2*w + 39, -5*f - w = 3*w - 33. What is the remainder when f is divided by 6?
3
Let z be (48/(-56))/(1/7). What is the remainder when 39 is divided by 10 - z/2 - -1?
11
Let o(b) = b**3 + 4*b**2 - 6*b - 12. What is the remainder when 17 is divided by o(-4)?
5
Let y(r) = r + 6. Let h be y(3). Suppose -2*q + 23 = h. Calculate the remainder when 26 is divided by q.
5
Calculate the remainder when 23 is divided by 5/(1/2*(-4)/(-2)).
3
Let z = 173 + -68. Calculate the remainder when z is divided by 28.
21
Suppose 3*s - 3*f - 66 = 12, 5*f = 4*s - 104. What is the remainder when s is divided by 7?
5
Let t = 5 - 8. Calculate the remainder when (2 + t)/((-3)/57) is divided by 10.
9
Calculate the remainder when 24 is divided by 2/4*24 - 3.
6
Let j = 7 - 8. Calculate the remainder when 2 - -6*(j + 3) is divided by 5.
4
Let i be (0/(3 + -6))/2. Suppose a + i = 1. Calculate the remainder when 2 is divided by a.
0
Let d = -7 - -17. Calculate the remainder when d is divided by 6.
4
Let i(p) = -p + 13. Let k(c) = 2*c**3 - 4*c**2 - c + 2. Calculate the remainder when k(3) is divided by i(8).
2
Let p = 9 + -2. Let l = -11 + 11. Suppose 2*u - 16 - 8 = l. Calculate the remainder when u is divided by p.
5
Suppose -3*x + 9 = 0, -2*f + 5*f = -3*x + 6. Let b = 8 - f. Calculate the remainder when 34 is divided by b.
7
Suppose h - 38 = -h. Calculate the remainder when -3 + 42 - 1*2 is divided by h.
18
Let o = -14 + 51. Calculate the remainder when o is divided by 24.
13
Let s = 1 + -1. Let w be (-2)/(-3) + 536/6. Suppose 2*g + 3*g - w = s. Calculate the remainder when g is divided by 10.
8
Let u = -189 - -286. What is the remainder when u is divided by 25?
22
Suppose 3*m - 7*m = h, 5*h = -m - 19. Let b be (-4 + m)/1*-3. Let k = 21 - b. Calculate the remainder when 35 is divided by k.
11
Suppose -c = -5, 5*x - 2*c + 3*c - 160 = 0. What is the remainder when x is divided by 11?
9
Let d = 3 + -1. Suppose d*z = z + 53. What is the remainder when z is divided by 18?
17
Calculate the remainder when 2*((-12)/(-8) - 0) is divided by 4/(-10) - (-56)/40.
0
Suppose 0*z - z + 48 = 0. Calculate the remainder when z is divided by 17.
14
Let y(w) = 3*w + 5. Let l = 1 - -4. Suppose 4*o = -3*m + 24, l*o + 1 = -m - 2. What is the remainder when y(6) is divided by m?
11
Let r(t) = t**2 - t - 1. What is the remainder when 18 is divided by r(-2)?
3
Suppose 2*w - 30 = -0*w. What is the remainder when -1 + 2 + -2 + w is divided by 4?
2
Let o = 79 + -47. Calculate the remainder when 93 is divided by o.
29
Suppose b + 5*j = 29, 0 = -b - b - j + 40. Calculate the remainder when 37 is divided by b.
18
Let q = 0 - -10. Calculate the remainder when 17 is divided by 2/q + 290/50.
5
Suppose -3*i - 4*k + 27 = -0*k, 0 = i - 3*k + 4. Suppose 0 = y + 4*y + i*u - 100, 5*y - 90 = 5*u. Calculate the remainder when y is divided by (-2)/6 - 22/(-3).
5
Let o = 59 - 29. Let j(l) = 11*l**2 - l - 1. Calculate the remainder when o is divided by j(-1).
8
Let i be -1 - 3/(-1 - 2). Suppose 3*y + 2 - 17 = i. Suppose y*f - 15 = 55. Calculate the remainder when f is divided by 8.
6
Let c(m) be the third derivative of m**5/60 - m**4/3 - 11*m**3/6 + 6*m**2. What is the remainder when c(12) is divided by 13?
11
Let z = -2 + 7. Calculate the remainder when z is divided by 3.
2
Let v(c) = -4*c**2 - 6*c + 2. Let z(t) = -3*t**2 - 5*t + 2. Let y(g) = -4*v(g) + 5*z(g). Calculate the remainder when 42 is divided by y(-4).
20
Let r(n) = -2 + n**3 + 0*n**3 + 23 - 2*n**3 - n**2. What is the remainder when r(0) is divided by 8?
5
Let q(h) = -3*h**3 - h**3 + h**3 + 4*h**3 + 8*h**2 + 7. What is the remainder when (2 + 0)/(4/38) is divided by q(-8)?
5
Let v = -28 + 47. Suppose -4*p + 2*p = 0. Suppose -4*c + 5*c - 7 = p. Calculate the remainder when v is divided by c.
5
Suppose 6 = -p - 5*n, 2*p - 6*p - 3*n = -27. Let t = 19 + -2. Calculate the remainder when t is divided by p.
8
Let z = 26 - 5. Let j = 11 - -73. Let k = j - 44. Calculate the remainder when k is divided by z.
19
Let m be 6 + -3 + -6 - 72. Let n = -43 - m. Calculate the remainder when n is divided by 11.
10
Suppose -2*t = -1 + 9. Calculate the remainder when (-247)/(-5) + t/10 is divided by 17.
15
Suppose 483 + 91 = 14*c. What is the remainder when c is divided by 11?
8
Suppose -6*d + 3*f + 228 = -3*d, -d - 4*f + 81 = 0. What is the remainder when d is divided by 13?
12
Suppose 4*u + 12 = u. Let p be (-3)/3*1 - u. Let w = p + 6. Calculate the remainder when w is divided by 5.
4
Suppose 4*j + 12 = -3*s + 52, 3*s - 2*j - 16 = 0. Calculate the remainder when -26*(-1)/2*1 is divided by s.
5
Let z = 28 - -5. Let y be 0*(-4 - (-4 + 1)). S